et u be b(-4). Calculate z(u).
0
Let z(s) = 2*s**2 - 22*s + 2. Let y be z(11). Let h(j) = j**3 + 2*j**2 - 2*j. Give h(y).
12
Let w = 20 - 22. Let c(z) = 2*z**2 + 4*z + 3. Calculate c(w).
3
Let i(p) = -3*p**3 - 1 - p**3 - 2*p + p**3 - 2*p**2. Calculate i(-1).
2
Let o(l) = -l**3 - 9*l**2 - 10*l. Suppose 0 = 5*p + 45 - 5. Determine o(p).
16
Let g(f) = -f**2 - 4*f + 5. Let t(n) = -4*n - 6 + 9*n - 4*n**2 + 5*n**2. Let r(l) = 4*g(l) + 3*t(l). Give r(0).
2
Suppose 2*o + 0*m + m = 7, 10 = 4*o - 2*m. Let c(u) = u - 4*u + 4*u. Determine c(o).
3
Let d = 12 - 7. Let a(f) = -f**2 + 5*f - 1. Calculate a(d).
-1
Suppose 5*g = 4*g + 3. Let y(h) = 2*h**2 + 7*h + 4 - g*h**2 - 2*h. Give y(5).
4
Let q be 8 + -13 + (-93)/(-18). Let r(g) be the second derivative of -3*g - g**2 + 0 + q*g**3. What is r(4)?
2
Let r(o) = -o**3 + 4*o**2 - 6. Let u be r(3). Suppose -9 = -0*d - u*d. Let b(g) = -2*g - 2. Determine b(d).
-8
Let u be ((-20)/8)/((-2)/4). Suppose 2*o + 12 = u*o. Let a(b) = -4*b**2 - b. Let r(t) = 7*t**2 + t - 1. Let h(d) = -5*a(d) - 3*r(d). Give h(o).
-5
Let q(i) = i**3 - 3*i**2 - 2*i - 4. Let t = -91 + 95. Give q(t).
4
Let w(f) = -10*f - 2. Suppose 0 = 3*m - 6*m - 6. Calculate w(m).
18
Let m(p) = -p**3 + 4*p - 3. Let k be -1 - (-6 + (0 - -3)). Let x be m(k). Let f(j) = -3*j - j**2 + 2*j + 0*j + 2. Calculate f(x).
-4
Let b(d) = -d**3 - d**2 + d - 1. Let m(w) = w - 6*w**3 + w**2 + 4*w - 1 - 4*w. Let q(j) = -5*b(j) + m(j). Let i = 4 - -1. Determine q(i).
9
Let m = -2 + 1. Let g(o) be the second derivative of -1/2*o**2 - 1/6*o**3 - o + 0 + 1/12*o**4 + 1/2*o**5. Give g(m).
-9
Let c(n) be the second derivative of -n**5/20 + n**3/6 - n**2/2 - 6*n. What is c(1)?
-1
Suppose 16 = 5*f + 36, -5*f - 12 = -2*p. Let q(j) = -3*j - 2. Let g(m) = 2*m + 1. Let h(d) = -4*g(d) - 3*q(d). Calculate h(p).
-2
Let w = 7 + -2. Let f(d) = d**2 - 6*d + 1. Calculate f(w).
-4
Let i(b) = -b**2 + 3*b - 1. Let q(a) = -a**2 + 2*a - 1. Let p(r) = -2*i(r) + 3*q(r). Give p(4).
-17
Let i(q) = -q**3 + 6*q**2 - 5*q - 7. Let m(p) = 2*p. Let j be m(2). Suppose -3*v - 4*b + 35 = 0, -v + j*v - 4*b + 5 = 0. Determine i(v).
-7
Let r = 7 + -4. Suppose 35 = r*n + 2*n. Let q(f) = 2*f - 9. What is q(n)?
5
Let j be ((-7)/(-4))/(4/16). Let w = j + -10. Let l(v) = -v**3 - 2*v**2 + 2*v + 3. Give l(w).
6
Let l = 38 - 37. Let k(w) be the first derivative of -w + l - 1/4*w**4 - 3*w**2 + 2*w**3. What is k(5)?
-6
Let q(d) = d**2 + 7*d - 6. Let u = -74 - -66. Calculate q(u).
2
Let p(v) = v**3 - 4*v**2 - v + 4. Let a(x) = x - 1. Let g be a(0). Suppose q - 3*q = 10. Let j = g - q. Determine p(j).
0
Let u(c) be the first derivative of c**2/2 + 2*c - 55. What is u(-6)?
-4
Let u(g) = -g**3 - 4*g**2 + 3*g - 5. Let o be u(-5). Let q(x) = -x**3 + 5*x**2 + 5. Calculate q(o).
5
Let r(o) = -5*o**2 - 5*o + 17*o**2 - 5*o**2 - o**3. Determine r(6).
6
Let w be (-2)/(-12)*-10 - 2/6. Let g(h) = h**3 + h**2 + 3*h + 2. Calculate g(w).
-8
Let w(l) = l**2 + l - 1. Let t(o) = -o**3 - 2*o**2 + 6. Let y(z) = -t(z) - 5*w(z). Let c(k) = 2*k + 30. Let j be c(-13). Calculate y(j).
-5
Let v be 1 - -3*1/(-3). Let w(j) = -5*j**2 + 3*j - 4*j + 4*j**2 + 4. Calculate w(v).
4
Let m(l) = l + 1. Let u = 31 - 28. Determine m(u).
4
Suppose -4*g - d + 10 = -0*d, 0 = 4*g + 5*d - 2. Let m(u) = -g*u + 0 + 2*u + 1. Suppose 3*y - 15 = 6*y. Determine m(y).
6
Let r(l) = 14*l**3 + 12*l**2 - 3*l**2 - 9*l + 3 - 15*l**3. Let h be r(8). Let o(v) = -2*v - 5. Determine o(h).
5
Suppose 5*u + 4*y = 47, y = -u - 0 + 10. Let i(x) = -x**3 + 7*x**2 - x + 7. What is i(u)?
0
Let a = -2 - -5. Let l(f) be the second derivative of 1/2*f**2 - 1/2*f**3 + 2*f + 0 + 1/12*f**4. Determine l(a).
1
Let w = -10 + 10. Let k(m) = 0*m**2 + m**2 + 5 - 1 - 5*m + w*m**2. Let n = 7 - 2. What is k(n)?
4
Suppose -2 = n, 2*k - 5*k - 7 = -n. Let g be ((-16)/(-2))/(6 + -4). Let i(a) = 1 + 6*a**2 - 4 - 7*a**2 - g*a - 1. Calculate i(k).
-1
Let l(u) = -183*u**2 + 6*u + 92*u**2 + 92*u**2 - 4. Determine l(-6).
-4
Let v(m) be the first derivative of -1/3*m**3 - 5/4*m**4 - m - 7 + m**2. What is v(1)?
-5
Let f = 7 - 3. Let n(p) = -p**3 + f*p**3 + 1 + 5*p + 3*p**2 - 5*p**3 + p**3. Suppose 3*b = b + 8. Determine n(b).
5
Let n(q) be the first derivative of q**2/2 - 1. Suppose -3*m + 5 = 2*g + 17, 0 = -3*g - 4*m - 16. Suppose -s + 3 = -g*s. Determine n(s).
3
Let z(h) be the second derivative of -h**4/12 - h**3/6 + h**2/2 + 10*h. Determine z(-3).
-5
Let t(l) = l**2 + l + 2. Suppose -4 = c + 3*r - 10, 0 = 2*c - r + 2. Determine t(c).
2
Let b(n) be the third derivative of -n**5/60 + 7*n**4/24 - n**3 - 3*n**2. Determine b(4).
6
Let z = 12 - 17. Let f(i) = i + 10. What is f(z)?
5
Let h(d) be the second derivative of 0 - 1/6*d**3 + 2*d - 1/72*d**6 + 0*d**2 + 1/24*d**4 - 1/60*d**5. Let a(i) be the second derivative of h(i). Calculate a(1).
-6
Let x be 5 + (-6)/(-4 + 1). Let i(v) = v**2 - 7*v - 1. Calculate i(x).
-1
Suppose o - 2*g = 8, 12 = 3*o - 8*o - 3*g. Let x(n) be the first derivative of n**2/2 + 2*n - 1. What is x(o)?
2
Let q(a) = -3*a**2 + 6*a + 9. Let g(p) = p**2 - 2*p - 3. Let u = 8 + 3. Let j(w) = u*g(w) + 4*q(w). Suppose -v - 20 = -6*v. Determine j(v).
-5
Let f(z) = -5*z + 4 - 2*z - z**2 + z + 2*z. Determine f(-5).
-1
Let b(g) = -4*g - g**2 - 5 + 1 - 6 + 3. Let l be b(-5). Let f be 8/3*(-27)/l. Let t(c) = c**2 - 8*c + 5. Give t(f).
-7
Let c(v) = -2*v - 4. Let y be c(-3). Suppose -y*r + 0*r = -4. Let a be r/7 + 32/(-14). Let m(u) = -u - 4. Determine m(a).
-2
Let o(i) = 4*i**3 + 2*i. Let l(t) = -3*t**3 - 2*t. Let r(b) = -5*l(b) - 4*o(b). Let w = -6 - -6. Let h be 3*(4/(-6) + w). Determine r(h).
4
Suppose -7 = -h - 3. Let w(l) be the first derivative of l**4/4 - l**3 - 2*l**2 - 5*l - 2. Calculate w(h).
-5
Suppose -3*p = -5*p + 12. Suppose -5*u - p = -11. Let v(c) = c. Calculate v(u).
1
Suppose 0 = 5*t + 2*v + 11, -2*t - v - 11 = -6. Let r(g) = 4*g**3 + g**2 - g - 1. Give r(t).
-3
Let m(r) = 2*r**3 + 27*r**2 + 26. Let z(v) = v**3 + 14*v**2 + 14. Let t(h) = 4*m(h) - 7*z(h). Calculate t(-10).
6
Let z(l) = -3*l**3 + l**2 - 3*l**3 - 2*l**3 - 1. Let j(i) = -16*i**3 + 2*i**2 + i - 3. Let q(o) = 2*j(o) - 5*z(o). Give q(1).
8
Let f = -1 + 7. Let m(k) = f + 0 - k - 1. What is m(5)?
0
Let g be (-58)/(-10) + 4/20. Let a(j) = j**2 + g*j + 3 - 3*j + 0 + j. Determine a(-4).
3
Let j(r) = -r**3 + 11*r**2 - 11*r + 12. Let x = 8 - -2. Let u be j(x). Suppose -2 = -u*i - 2*s, -3*i = 2*i + 4*s. Let h(z) = 2*z**2 + 6*z. What is h(i)?
8
Let t(d) = 2*d. Suppose -2*b - 5 = -7*b. Suppose -z + 2*l - b = 0, 3*z + 5 = -2*z + 3*l. What is t(z)?
-2
Let u(k) = 10*k**3 - 2*k**2 + 1. Let d be 4/(-6) - 20/(-12). Give u(d).
9
Suppose -46 = -4*n - 10. Let y = -4 + n. Let o(z) = 2 + 0*z + 3*z - y. Determine o(4).
9
Suppose -3 = -2*u + 1. Let a(x) = 5 + 0*x**2 + x**2 - 3 - 4*x + 0*x**u. Calculate a(4).
2
Let l = 6 - 3. Let g(o) = o + 6 - l + 0*o + 2*o. Let r = 2 + -5. Determine g(r).
-6
Let k(l) = -l**2 + 5*l + 9. Let t(n) = 2*n + 33. Let c be t(-13). Give k(c).
-5
Let u be -1*(1 + -1) - 2. Let p(y) = -8*y + 3*y**2 - 2*y**2 + 7*y + 2*y + 2. What is p(u)?
4
Let y(d) = -4 - 15*d + 0*d**2 - 4*d**2 - 15*d**3 + 15. Let z(t) = 7*t**3 + 2*t**2 + 7*t - 5. Let l(s) = -6*y(s) - 13*z(s). What is l(-3)?
11
Let w(j) = j**2 - 2*j + 4. Let a(l) = -3*l**2 + 3*l - 8. Let m(p) = 2*a(p) + 5*w(p). Let h = -2 + -3. Calculate m(h).
-1
Suppose z = -4*z. Let n = 3 + z. Let p(d) = 6 + 9 + 6 - d - 18. Calculate p(n).
0
Let j be ((-4)/6)/(56/42)*-6. Let s(x) be the first derivative of -j*x + 2 + 1/3*x**3 + 1/2*x**2. Determine s(3).
9
Let d = 0 - -3. Let l be (-17)/(-3) - 2/d. Let g(z) = -z**3 - 3*z - l*z**2 + 1 + 5*z**3 - 5*z**3. Calculate g(-4).
-3
Let w(d) = -d**3 - 5*d**2 - 3*d - 4. Let n(v) = -v**3 + 2*v**2 + v - 3. Let m be n(0). Determine w(m).
-13
Let a(j) = -15*j + 12. Let r(n) = -5*n + 4. Let k(m) = -3*a(m) + 8*r(m). Give k(3).
11
Let s = 22 - 11. Let u = 6 - 11. Let o = u + s. Let l(p) = 2*p - 8. Determine l(o).
4
Suppose 2*c + 13 = -c + l, 0 = -2*c + l - 10. Let x be -1 - (-3 - 24/c). Let v(d) = 3*d + 2. Calculate v(x).
-16
Let c(y) be the first derivative of y**4/4 + y**3 - 3*y**2/2 + 5*y + 1. Let w be c(-4). Let l(p) = 2 + 7*p - 3 + 0. Determine l(w).
6
Let i(b) = 2*b**3 + b - 3*b**3 - 5 - b**3 + 3*b**3. Suppose -6*o + 5*o = -3. Let a be o - 1 - -1 - 3. Determine